{"id":288,"date":"2017-01-09T18:08:40","date_gmt":"2017-01-09T17:08:40","guid":{"rendered":"http:\/\/americanhairlessterrier.eu.sk\/?page_id=288"},"modified":"2017-01-29T19:17:47","modified_gmt":"2017-01-29T18:17:47","slug":"prbellridges-mikey-alias-fofola","status":"publish","type":"page","link":"http:\/\/www.americanhairlessterrier.eu.sk\/?page_id=288","title":{"rendered":"\u00b4PR\u00b4Bellridge\u00b4s Mikey alias Fofola"},"content":{"rendered":"<div id=\"grid-gallery-7-79844\" data-gg-id=\"7\" data-title=\"\u00b4PR\u00b4Bellridge\u00b4s Mikey alias Fofola\" data-grid-type=\"2\" data-offset=\"5.3\" data-area-position=\"center\" data-icons=\"\" data-preloader=\"true\" data-width=\"auto\" data-height=\"215\" data-padding=\"0\" data-quicksand=\"disabled\" data-quicksand-duration=\"none\" data-popup-theme=\"theme_6\" data-popup-type=\"pretty-photo\" data-popup-image-text=\"data-description\" data-popup-widthsize=\"auto\" data-popup-heightsize=\"auto\" data-popup-i18n-words=\"{&quot;close&quot;:&quot;close&quot;,&quot;next&quot;:&quot;next&quot;,&quot;previous&quot;:&quot;previous&quot;,&quot;start_slideshow&quot;:&quot;start slideshow&quot;,&quot;stop_slideshow&quot;:&quot;stop slideshow&quot;,&quot;image&quot;:&quot;image&quot;,&quot;of&quot;:&quot;of&quot;,&quot;prev&quot;:&quot;prev&quot;,&quot;cExpand&quot;:&quot;Expand&quot;,&quot;cPrevious&quot;:&quot;Previous&quot;,&quot;cNext&quot;:&quot;Next&quot;,&quot;cExpandStr&quot;:&quot;Expand the image&quot;,&quot;cRotate&quot;:&quot;Rotate&quot;,&quot;cDetails&quot;:&quot;Details&quot;}\" data-popup-slideshow=\"false\" data-popup-slideshow-speed=\"2500\" data-popup-hoverstop=\"false\" data-popup-slideshow-auto=\"false\" data-popup-background=\"\" data-popup-transparency=\"30\" data-popup-disable-history=\"\" data-popup-disable-changed-url=\"\" data-popup-border-type=\"\" data-popup-border-color=\"\" data-popup-border-width=\"\" data-popup-border-enable=\"\" data-fullscreen=\"false\" data-hide-tooltip=\"false\" data-caption-font-family=\"Default\" data-caption-text-size=\"140\" data-is-mobile=\"0\" data-caption-mobile=\"false\" data-hide-long-tltp-title=\"0\" data-caption-disabled-on-mobile=\"false\" data-popup-placement-type=\"0\" data-social-sharing=\"{&quot;enabled&quot;:&quot;&quot;,&quot;gallerySharing&quot;:{&quot;enabled&quot;:null,&quot;position&quot;:null},&quot;imageSharing&quot;:{&quot;enabled&quot;:null,&quot;wrapperClass&quot;:&quot; vertical &quot;},&quot;popupSharing&quot;:{&quot;enabled&quot;:null,&quot;wrapperClass&quot;:&quot; vertical &quot;}}\" class=\"grid-gallery grid-gallery-fixed \" style=\" width:100%; height:auto; margin-left:auto; margin-right:auto;position:relative;\"> <div class=\"gallery-loading\"> <div class=\"blocks\"> <div class=\"block\"><\/div> <div class=\"block\"><\/div> <div class=\"block\"><\/div> <div class=\"block\"><\/div> <\/div> <\/div> <div class=\"gallery-sharing-top\" style=\"display:none;\"> <\/div> <div id=\"photos-7\" class=\"grid-gallery-photos\"><FIGURE class=\"grid-gallery-caption\" data-grid-gallery-type=\"quarter-two-step\" data-index=\"0\" style=\"display:none;border-radius:200;; margin:2.65px; height:2150; width:auto;\" ><div class=\"crop\" style=\"\"><img decoding=\"async\" src=\"http:\/\/americanhairlessterrier.eu.sk\/wp-content\/uploads\/2017\/01\/002-156x215.jpg\" class=\"ggImg ggNotInitImg\" alt=\"002\" title=\"002\" data-description=\"002\" data-caption=\"002\" data-title=\"002\" style=\" height:215px; width:auto;\" \/><\/div><FIGCAPTION class=\"\" data-alpha=\"5\" style=\"color:#ffffff; background-color:#000000; font-size:140; text-align:left; font-family:Default;\" ><div class=\"grid-gallery-figcaption-wrap\" style=\"\"><\/div><\/FIGCAPTION><\/FIGURE><FIGURE class=\"grid-gallery-caption\" data-grid-gallery-type=\"quarter-two-step\" data-index=\"1\" style=\"display:none;border-radius:200;; margin:2.65px; height:2150; width:auto;\" ><div class=\"crop\" style=\"\"><img decoding=\"async\" src=\"http:\/\/americanhairlessterrier.eu.sk\/wp-content\/uploads\/2017\/01\/mikey-pedigree-2-e1484253190427-156x215.jpg\" class=\"ggImg ggNotInitImg\" alt=\"mikey pedigree (2)\" title=\"mikey pedigree (2)\" data-description=\"mikey pedigree (2)\" data-caption=\"mikey pedigree (2)\" data-title=\"mikey pedigree (2)\" style=\" height:215px; width:auto;\" \/><\/div><FIGCAPTION class=\"\" data-alpha=\"5\" style=\"color:#ffffff; background-color:#000000; font-size:140; text-align:left; font-family:Default;\" ><div class=\"grid-gallery-figcaption-wrap\" style=\"\"><\/div><\/FIGCAPTION><\/FIGURE><FIGURE class=\"grid-gallery-caption\" data-grid-gallery-type=\"quarter-two-step\" data-index=\"2\" style=\"display:none;border-radius:200;; margin:2.65px; height:2150; width:auto;\" ><div class=\"crop\" style=\"\"><img decoding=\"async\" src=\"http:\/\/americanhairlessterrier.eu.sk\/wp-content\/uploads\/2017\/01\/mikey-pedigree-3-e1484253174504-156x215.jpg\" class=\"ggImg ggNotInitImg\" alt=\"mikey pedigree (3)\" title=\"mikey pedigree (3)\" data-description=\"mikey pedigree (3)\" data-caption=\"mikey pedigree (3)\" data-title=\"mikey pedigree (3)\" style=\" height:215px; width:auto;\" \/><\/div><FIGCAPTION class=\"\" data-alpha=\"5\" style=\"color:#ffffff; background-color:#000000; font-size:140; text-align:left; font-family:Default;\" ><div class=\"grid-gallery-figcaption-wrap\" style=\"\"><\/div><\/FIGCAPTION><\/FIGURE><FIGURE class=\"grid-gallery-caption\" data-grid-gallery-type=\"quarter-two-step\" data-index=\"3\" style=\"display:none;border-radius:200;; margin:2.65px; height:2150; width:auto;\" ><div class=\"crop\" style=\"\"><img decoding=\"async\" src=\"http:\/\/americanhairlessterrier.eu.sk\/wp-content\/uploads\/2017\/01\/mikey-pedigree-1-156x215.jpg\" class=\"ggImg ggNotInitImg\" alt=\"mikey pedigree (1)\" title=\"mikey pedigree (1)\" data-description=\"mikey pedigree (1)\" data-caption=\"mikey pedigree (1)\" data-title=\"mikey pedigree (1)\" style=\" height:215px; width:auto;\" \/><\/div><FIGCAPTION class=\"\" data-alpha=\"5\" style=\"color:#ffffff; background-color:#000000; font-size:140; text-align:left; font-family:Default;\" ><div class=\"grid-gallery-figcaption-wrap\" style=\"\"><\/div><\/FIGCAPTION><\/FIGURE><FIGURE class=\"grid-gallery-caption\" data-grid-gallery-type=\"quarter-two-step\" data-index=\"4\" style=\"display:none;border-radius:200;; margin:2.65px; height:2150; width:auto;\" ><div class=\"crop\" style=\"\"><img decoding=\"async\" src=\"http:\/\/americanhairlessterrier.eu.sk\/wp-content\/uploads\/2017\/01\/Mikey-GRCH-296x215.jpg\" class=\"ggImg ggNotInitImg\" alt=\"Mikey GRCH\" title=\"Mikey GRCH\" data-description=\"Mikey GRCH\" data-caption=\"Mikey GRCH\" data-title=\"Mikey GRCH\" style=\" height:215px; width:auto;\" \/><\/div><FIGCAPTION class=\"\" data-alpha=\"5\" style=\"color:#ffffff; background-color:#000000; font-size:140; text-align:left; font-family:Default;\" ><div class=\"grid-gallery-figcaption-wrap\" style=\"\"><\/div><\/FIGCAPTION><\/FIGURE><FIGURE class=\"grid-gallery-caption\" data-grid-gallery-type=\"quarter-two-step\" data-index=\"5\" style=\"display:none;border-radius:200;; margin:2.65px; height:2150; width:auto;\" ><div class=\"crop\" style=\"\"><img decoding=\"async\" src=\"http:\/\/americanhairlessterrier.eu.sk\/wp-content\/uploads\/2017\/01\/SK-CH-296x215.jpg\" class=\"ggImg ggNotInitImg\" alt=\"SK CH\" title=\"SK CH\" data-description=\"SK CH\" data-caption=\"SK CH\" data-title=\"SK CH\" style=\" height:215px; width:auto;\" \/><\/div><FIGCAPTION class=\"\" data-alpha=\"5\" style=\"color:#ffffff; background-color:#000000; font-size:140; text-align:left; font-family:Default;\" ><div class=\"grid-gallery-figcaption-wrap\" style=\"\"><\/div><\/FIGCAPTION><\/FIGURE><FIGURE class=\"grid-gallery-caption\" data-grid-gallery-type=\"quarter-two-step\" data-index=\"6\" style=\"display:none;border-radius:200;; margin:2.65px; height:2150; width:auto;\" ><div class=\"crop\" style=\"\"><img decoding=\"async\" src=\"http:\/\/americanhairlessterrier.eu.sk\/wp-content\/uploads\/2017\/01\/001-2-296x215.jpg\" class=\"ggImg ggNotInitImg\" alt=\"001\" title=\"001\" data-description=\"001\" data-caption=\"001\" data-title=\"001\" style=\" height:215px; width:auto;\" \/><\/div><FIGCAPTION class=\"\" data-alpha=\"5\" style=\"color:#ffffff; background-color:#000000; font-size:140; text-align:left; font-family:Default;\" ><div class=\"grid-gallery-figcaption-wrap\" style=\"\"><\/div><\/FIGCAPTION><\/FIGURE><FIGURE class=\"grid-gallery-caption\" data-grid-gallery-type=\"quarter-two-step\" data-index=\"7\" style=\"display:none;border-radius:200;; margin:2.65px; height:2150; width:auto;\" ><div class=\"crop\" style=\"\"><img decoding=\"async\" src=\"http:\/\/americanhairlessterrier.eu.sk\/wp-content\/uploads\/2017\/01\/Mikey-madar-sampion-156x215.jpg\" class=\"ggImg ggNotInitImg\" alt=\"Mikey madar sampion\" title=\"Mikey madar sampion\" data-description=\"Mikey madar sampion\" data-caption=\"Mikey madar sampion\" data-title=\"Mikey madar sampion\" style=\" height:215px; width:auto;\" \/><\/div><FIGCAPTION class=\"\" data-alpha=\"5\" style=\"color:#ffffff; background-color:#000000; font-size:140; text-align:left; font-family:Default;\" ><div class=\"grid-gallery-figcaption-wrap\" style=\"\"><\/div><\/FIGCAPTION><\/FIGURE><FIGURE class=\"grid-gallery-caption\" data-grid-gallery-type=\"quarter-two-step\" data-index=\"8\" style=\"display:none;border-radius:200;; margin:2.65px; height:2150; width:auto;\" ><div class=\"crop\" style=\"\"><img decoding=\"async\" src=\"http:\/\/americanhairlessterrier.eu.sk\/wp-content\/uploads\/2017\/01\/mikey-ch-pl-156x215.jpg\" class=\"ggImg ggNotInitImg\" alt=\"mikey ch pl\" title=\"mikey ch pl\" data-description=\"mikey ch pl\" data-caption=\"mikey ch pl\" data-title=\"mikey ch pl\" style=\" height:215px; width:auto;\" \/><\/div><FIGCAPTION class=\"\" data-alpha=\"5\" style=\"color:#ffffff; background-color:#000000; font-size:140; text-align:left; font-family:Default;\" ><div class=\"grid-gallery-figcaption-wrap\" style=\"\"><\/div><\/FIGCAPTION><\/FIGURE><FIGURE class=\"grid-gallery-caption\" data-grid-gallery-type=\"quarter-two-step\" data-index=\"9\" style=\"display:none;border-radius:200;; margin:2.65px; height:2150; width:auto;\" ><div class=\"crop\" style=\"\"><img decoding=\"async\" src=\"http:\/\/americanhairlessterrier.eu.sk\/wp-content\/uploads\/2017\/01\/diplom-Mikey1-152x215.jpg\" class=\"ggImg ggNotInitImg\" alt=\"diplom Mikey1\" title=\"diplom Mikey1\" data-description=\"diplom Mikey1\" data-caption=\"diplom Mikey1\" data-title=\"diplom Mikey1\" style=\" height:215px; width:auto;\" \/><\/div><FIGCAPTION class=\"\" data-alpha=\"5\" style=\"color:#ffffff; background-color:#000000; font-size:140; text-align:left; font-family:Default;\" ><div class=\"grid-gallery-figcaption-wrap\" style=\"\"><\/div><\/FIGCAPTION><\/FIGURE><FIGURE class=\"grid-gallery-caption\" data-grid-gallery-type=\"quarter-two-step\" data-index=\"10\" style=\"display:none;border-radius:200;; margin:2.65px; height:2150; width:auto;\" ><div class=\"crop\" style=\"\"><img decoding=\"async\" src=\"http:\/\/americanhairlessterrier.eu.sk\/wp-content\/uploads\/2017\/01\/14022170_10206597136477524_5688769617263709744_n-287x215.jpg\" class=\"ggImg ggNotInitImg\" alt=\"14022170_10206597136477524_5688769617263709744_n\" title=\"14022170_10206597136477524_5688769617263709744_n\" data-description=\"14022170_10206597136477524_5688769617263709744_n\" data-caption=\"14022170_10206597136477524_5688769617263709744_n\" data-title=\"14022170_10206597136477524_5688769617263709744_n\" style=\" height:215px; width:auto;\" \/><\/div><FIGCAPTION class=\"\" data-alpha=\"5\" style=\"color:#ffffff; background-color:#000000; font-size:140; text-align:left; font-family:Default;\" ><div class=\"grid-gallery-figcaption-wrap\" style=\"\"><\/div><\/FIGCAPTION><\/FIGURE><FIGURE class=\"grid-gallery-caption\" data-grid-gallery-type=\"quarter-two-step\" data-index=\"11\" style=\"display:none;border-radius:200;; margin:2.65px; height:2150; width:auto;\" ><div class=\"crop\" style=\"\"><img decoding=\"async\" src=\"http:\/\/americanhairlessterrier.eu.sk\/wp-content\/uploads\/2017\/01\/14051812_10206597137437548_3715427615724634334_n-161x215.jpg\" class=\"ggImg ggNotInitImg\" alt=\"14051812_10206597137437548_3715427615724634334_n\" title=\"14051812_10206597137437548_3715427615724634334_n\" data-description=\"14051812_10206597137437548_3715427615724634334_n\" data-caption=\"14051812_10206597137437548_3715427615724634334_n\" data-title=\"14051812_10206597137437548_3715427615724634334_n\" style=\" height:215px; width:auto;\" \/><\/div><FIGCAPTION class=\"\" data-alpha=\"5\" style=\"color:#ffffff; background-color:#000000; font-size:140; text-align:left; font-family:Default;\" ><div class=\"grid-gallery-figcaption-wrap\" style=\"\"><\/div><\/FIGCAPTION><\/FIGURE><FIGURE class=\"grid-gallery-caption\" data-grid-gallery-type=\"quarter-two-step\" data-index=\"12\" style=\"display:none;border-radius:200;; margin:2.65px; height:2150; width:auto;\" ><div class=\"crop\" style=\"\"><img decoding=\"async\" src=\"http:\/\/americanhairlessterrier.eu.sk\/wp-content\/uploads\/2017\/01\/14650509_10207056911411610_5586660120068310872_n-287x215.jpg\" class=\"ggImg ggNotInitImg\" alt=\"14650509_10207056911411610_5586660120068310872_n\" title=\"14650509_10207056911411610_5586660120068310872_n\" data-description=\"14650509_10207056911411610_5586660120068310872_n\" data-caption=\"14650509_10207056911411610_5586660120068310872_n\" data-title=\"14650509_10207056911411610_5586660120068310872_n\" style=\" height:215px; width:auto;\" \/><\/div><FIGCAPTION class=\"\" data-alpha=\"5\" style=\"color:#ffffff; background-color:#000000; font-size:140; text-align:left; font-family:Default;\" ><div class=\"grid-gallery-figcaption-wrap\" style=\"\"><\/div><\/FIGCAPTION><\/FIGURE><FIGURE class=\"grid-gallery-caption\" data-grid-gallery-type=\"quarter-two-step\" data-index=\"13\" style=\"display:none;border-radius:200;; margin:2.65px; height:2150; width:auto;\" ><div class=\"crop\" style=\"\"><img decoding=\"async\" src=\"http:\/\/americanhairlessterrier.eu.sk\/wp-content\/uploads\/2017\/01\/14671302_10207056911491612_8632514899890111014_n-287x215.jpg\" class=\"ggImg ggNotInitImg\" alt=\"14671302_10207056911491612_8632514899890111014_n\" title=\"14671302_10207056911491612_8632514899890111014_n\" data-description=\"14671302_10207056911491612_8632514899890111014_n\" data-caption=\"14671302_10207056911491612_8632514899890111014_n\" data-title=\"14671302_10207056911491612_8632514899890111014_n\" style=\" height:215px; width:auto;\" \/><\/div><FIGCAPTION class=\"\" data-alpha=\"5\" style=\"color:#ffffff; background-color:#000000; font-size:140; text-align:left; font-family:Default;\" ><div class=\"grid-gallery-figcaption-wrap\" style=\"\"><\/div><\/FIGCAPTION><\/FIGURE><FIGURE class=\"grid-gallery-caption\" data-grid-gallery-type=\"quarter-two-step\" data-index=\"14\" style=\"display:none;border-radius:200;; margin:2.65px; height:2150; width:auto;\" ><div class=\"crop\" style=\"\"><img decoding=\"async\" src=\"http:\/\/americanhairlessterrier.eu.sk\/wp-content\/uploads\/2017\/01\/DSC_0039-323x215.jpg\" class=\"ggImg ggNotInitImg\" alt=\"DSC_0039\" title=\"DSC_0039\" data-description=\"DSC_0039\" data-caption=\"DSC_0039\" data-title=\"DSC_0039\" style=\" height:215px; width:auto;\" \/><\/div><FIGCAPTION class=\"\" data-alpha=\"5\" style=\"color:#ffffff; background-color:#000000; font-size:140; text-align:left; font-family:Default;\" ><div class=\"grid-gallery-figcaption-wrap\" style=\"\"><\/div><\/FIGCAPTION><\/FIGURE><FIGURE class=\"grid-gallery-caption\" data-grid-gallery-type=\"quarter-two-step\" data-index=\"15\" style=\"display:none;border-radius:200;; margin:2.65px; height:2150; width:auto;\" ><div class=\"crop\" style=\"\"><img decoding=\"async\" src=\"http:\/\/americanhairlessterrier.eu.sk\/wp-content\/uploads\/2017\/01\/DSC_0211-323x215.jpg\" class=\"ggImg ggNotInitImg\" alt=\"DSC_0211\" title=\"DSC_0211\" data-description=\"DSC_0211\" data-caption=\"DSC_0211\" data-title=\"DSC_0211\" style=\" height:215px; width:auto;\" \/><\/div><FIGCAPTION class=\"\" data-alpha=\"5\" style=\"color:#ffffff; background-color:#000000; font-size:140; text-align:left; font-family:Default;\" ><div class=\"grid-gallery-figcaption-wrap\" style=\"\"><\/div><\/FIGCAPTION><\/FIGURE><FIGURE class=\"grid-gallery-caption\" data-grid-gallery-type=\"quarter-two-step\" data-index=\"16\" style=\"display:none;border-radius:200;; margin:2.65px; height:2150; width:auto;\" ><div class=\"crop\" style=\"\"><img decoding=\"async\" src=\"http:\/\/americanhairlessterrier.eu.sk\/wp-content\/uploads\/2017\/01\/IMG_0103-323x215.jpg\" class=\"ggImg ggNotInitImg\" alt=\"IMG_0103\" title=\"IMG_0103\" data-description=\"IMG_0103\" data-caption=\"IMG_0103\" data-title=\"IMG_0103\" style=\" height:215px; width:auto;\" \/><\/div><FIGCAPTION class=\"\" data-alpha=\"5\" style=\"color:#ffffff; background-color:#000000; font-size:140; text-align:left; font-family:Default;\" ><div class=\"grid-gallery-figcaption-wrap\" style=\"\"><\/div><\/FIGCAPTION><\/FIGURE><FIGURE class=\"grid-gallery-caption\" data-grid-gallery-type=\"quarter-two-step\" data-index=\"17\" style=\"display:none;border-radius:200;; margin:2.65px; height:2150; width:auto;\" ><div class=\"crop\" style=\"\"><img decoding=\"async\" src=\"http:\/\/americanhairlessterrier.eu.sk\/wp-content\/uploads\/2017\/01\/IMG_0112-323x215.jpg\" class=\"ggImg ggNotInitImg\" alt=\"IMG_0112\" title=\"IMG_0112\" data-description=\"IMG_0112\" data-caption=\"IMG_0112\" data-title=\"IMG_0112\" style=\" height:215px; width:auto;\" \/><\/div><FIGCAPTION class=\"\" data-alpha=\"5\" style=\"color:#ffffff; background-color:#000000; font-size:140; text-align:left; font-family:Default;\" ><div class=\"grid-gallery-figcaption-wrap\" style=\"\"><\/div><\/FIGCAPTION><\/FIGURE><FIGURE class=\"grid-gallery-caption\" data-grid-gallery-type=\"quarter-two-step\" data-index=\"18\" style=\"display:none;border-radius:200;; margin:2.65px; height:2150; width:auto;\" ><div class=\"crop\" style=\"\"><img decoding=\"async\" src=\"http:\/\/americanhairlessterrier.eu.sk\/wp-content\/uploads\/2017\/01\/IMG_0164-161x215.jpg\" class=\"ggImg ggNotInitImg\" alt=\"IMG_0164\" title=\"IMG_0164\" data-description=\"IMG_0164\" data-caption=\"IMG_0164\" data-title=\"IMG_0164\" style=\" height:215px; width:auto;\" \/><\/div><FIGCAPTION class=\"\" data-alpha=\"5\" style=\"color:#ffffff; background-color:#000000; font-size:140; text-align:left; font-family:Default;\" ><div class=\"grid-gallery-figcaption-wrap\" style=\"\"><\/div><\/FIGCAPTION><\/FIGURE><FIGURE class=\"grid-gallery-caption\" data-grid-gallery-type=\"quarter-two-step\" data-index=\"19\" style=\"display:none;border-radius:200;; margin:2.65px; height:2150; width:auto;\" ><div class=\"crop\" style=\"\"><img decoding=\"async\" src=\"http:\/\/americanhairlessterrier.eu.sk\/wp-content\/uploads\/2017\/01\/IMG_0989-1-323x215.jpg\" class=\"ggImg ggNotInitImg\" alt=\"IMG_0989\" title=\"IMG_0989\" data-description=\"IMG_0989\" data-caption=\"IMG_0989\" data-title=\"IMG_0989\" style=\" height:215px; width:auto;\" \/><\/div><FIGCAPTION class=\"\" data-alpha=\"5\" style=\"color:#ffffff; background-color:#000000; font-size:140; text-align:left; font-family:Default;\" ><div class=\"grid-gallery-figcaption-wrap\" style=\"\"><\/div><\/FIGCAPTION><\/FIGURE><FIGURE class=\"grid-gallery-caption\" data-grid-gallery-type=\"quarter-two-step\" data-index=\"20\" style=\"display:none;border-radius:200;; margin:2.65px; height:2150; width:auto;\" ><div class=\"crop\" style=\"\"><img decoding=\"async\" src=\"http:\/\/americanhairlessterrier.eu.sk\/wp-content\/uploads\/2017\/01\/IMG_1038-143x215.jpg\" class=\"ggImg ggNotInitImg\" alt=\"IMG_1038\" title=\"IMG_1038\" data-description=\"IMG_1038\" data-caption=\"IMG_1038\" data-title=\"IMG_1038\" style=\" height:215px; width:auto;\" \/><\/div><FIGCAPTION class=\"\" data-alpha=\"5\" style=\"color:#ffffff; background-color:#000000; font-size:140; text-align:left; font-family:Default;\" ><div class=\"grid-gallery-figcaption-wrap\" style=\"\"><\/div><\/FIGCAPTION><\/FIGURE><FIGURE class=\"grid-gallery-caption\" data-grid-gallery-type=\"quarter-two-step\" data-index=\"21\" style=\"display:none;border-radius:200;; margin:2.65px; height:2150; width:auto;\" ><div class=\"crop\" style=\"\"><img decoding=\"async\" src=\"http:\/\/americanhairlessterrier.eu.sk\/wp-content\/uploads\/2017\/01\/IMG_1136-323x215.jpg\" class=\"ggImg ggNotInitImg\" alt=\"IMG_1136\" title=\"IMG_1136\" data-description=\"IMG_1136\" data-caption=\"IMG_1136\" data-title=\"IMG_1136\" style=\" height:215px; width:auto;\" \/><\/div><FIGCAPTION class=\"\" data-alpha=\"5\" style=\"color:#ffffff; background-color:#000000; font-size:140; text-align:left; font-family:Default;\" ><div class=\"grid-gallery-figcaption-wrap\" style=\"\"><\/div><\/FIGCAPTION><\/FIGURE><FIGURE class=\"grid-gallery-caption\" data-grid-gallery-type=\"quarter-two-step\" data-index=\"22\" style=\"display:none;border-radius:200;; margin:2.65px; height:2150; width:auto;\" ><div class=\"crop\" style=\"\"><img decoding=\"async\" src=\"http:\/\/americanhairlessterrier.eu.sk\/wp-content\/uploads\/2017\/01\/vitaz-slovenska-156x215.jpg\" class=\"ggImg ggNotInitImg\" alt=\"vitaz slovenska\" title=\"vitaz slovenska\" data-description=\"vitaz slovenska\" data-caption=\"vitaz slovenska\" data-title=\"vitaz slovenska\" style=\" height:215px; width:auto;\" \/><\/div><FIGCAPTION class=\"\" data-alpha=\"5\" style=\"color:#ffffff; background-color:#000000; font-size:140; text-align:left; font-family:Default;\" ><div class=\"grid-gallery-figcaption-wrap\" style=\"\"><\/div><\/FIGCAPTION><\/FIGURE> <div class=\"grid-gallery-clearfix\"><\/div> <\/div> <div class=\"gallery-sharing-bottom\" style=\"display:none;\"> <\/div> <div class=\"gallery-sharing-image\" style=\"display:none;\"> <\/div> <div class=\"gallery-sharing-popup\" style=\"display:none;\"> <\/div> <div class=\"grid-gallery-clearfix\"><\/div> <\/div> <!-- Gallery by Supsystic plugin1.15.33 --><a title=\"WordPress Image Gallery Plugin\" style=\"display:none;\" href=\"https:\/\/supsystic.com\/plugins\/photo-gallery\/?utm_medium=love_link\" target=\"_blank\">WordPress Image Gallery Plugin<\/a>\n<p>&nbsp;<\/p>\n<p>\u00b4PR\u00b4 BELLRIDGE\u00b4S MIKEY alias FOFOLA<br \/>\n&#8211; import USA<\/p>\n<p>Father: GRCH \u00b4PR\u00b4BURWAY BELLRIDGE FLYING DAGGERS (Premier dog show winner)<br \/>\nMother: CH \u00b4PR\u00b4B\u00b4RIDGE\u00b4S EXPIALADOCIOUS<\/p>\n<p>SLOVAKIA (Slovensko)<br \/>\n7 x CAC<br \/>\n2 x BOB<br \/>\n1 x BOS<br \/>\nChampion of Slovakia &#8211; Slovensk\u00fd \u0161ampion kr\u00e1sy<br \/>\nGrand Champion of Slovakia &#8211; Slovensk\u00fd Grand \u0161ampion<br \/>\nVictory show &#8211; Champion of champions winner (\u0161ampion \u0161ampi\u00f3nov v\u00ed\u0165az)<br \/>\nSlovakia winner 2016 (V\u00ed\u0165az Slovenska 2016)<\/p>\n<p>HUNGARY (Ma\u010farsko)<br \/>\n3 x CAC<br \/>\nChampion of Hungary (Ma\u010farsk\u00fd \u0161ampion)<\/p>\n<p>POLAND (Polsko)<br \/>\n3 x CWC\/CAC<br \/>\nChampion of Poland (\u0160ampion Polska)<\/p>\n","protected":false},"excerpt":{"rendered":"<p>&nbsp; \u00b4PR\u00b4 BELLRIDGE\u00b4S MIKEY alias FOFOLA &#8211; import USA Father: GRCH \u00b4PR\u00b4BURWAY BELLRIDGE FLYING DAGGERS (Premier dog show winner) Mother: CH \u00b4PR\u00b4B\u00b4RIDGE\u00b4S EXPIALADOCIOUS SLOVAKIA (Slovensko) 7 x CAC 2 x BOB 1<a class=\"moretag\" href=\"http:\/\/www.americanhairlessterrier.eu.sk\/?page_id=288\">Read More&#8230;<\/a><\/p>\n","protected":false},"author":1,"featured_media":0,"parent":0,"menu_order":42,"comment_status":"closed","ping_status":"closed","template":"","meta":{"footnotes":""},"class_list":["post-288","page","type-page","status-publish","hentry"],"aioseo_notices":[],"_links":{"self":[{"href":"http:\/\/www.americanhairlessterrier.eu.sk\/index.php?rest_route=\/wp\/v2\/pages\/288","targetHints":{"allow":["GET"]}}],"collection":[{"href":"http:\/\/www.americanhairlessterrier.eu.sk\/index.php?rest_route=\/wp\/v2\/pages"}],"about":[{"href":"http:\/\/www.americanhairlessterrier.eu.sk\/index.php?rest_route=\/wp\/v2\/types\/page"}],"author":[{"embeddable":true,"href":"http:\/\/www.americanhairlessterrier.eu.sk\/index.php?rest_route=\/wp\/v2\/users\/1"}],"replies":[{"embeddable":true,"href":"http:\/\/www.americanhairlessterrier.eu.sk\/index.php?rest_route=%2Fwp%2Fv2%2Fcomments&post=288"}],"version-history":[{"count":5,"href":"http:\/\/www.americanhairlessterrier.eu.sk\/index.php?rest_route=\/wp\/v2\/pages\/288\/revisions"}],"predecessor-version":[{"id":1191,"href":"http:\/\/www.americanhairlessterrier.eu.sk\/index.php?rest_route=\/wp\/v2\/pages\/288\/revisions\/1191"}],"wp:attachment":[{"href":"http:\/\/www.americanhairlessterrier.eu.sk\/index.php?rest_route=%2Fwp%2Fv2%2Fmedia&parent=288"}],"curies":[{"name":"wp","href":"https:\/\/api.w.org\/{rel}","templated":true}]}}